{"id":586,"date":"2022-04-28T19:04:58","date_gmt":"2022-04-28T19:04:58","guid":{"rendered":"https:\/\/lajoie.hu\/law\/?page_id=586"},"modified":"2022-04-28T19:56:45","modified_gmt":"2022-04-28T19:56:45","slug":"lakohaz-epitesere-alkalmas-telektulajdon-utani-illetekkedvezmeny","status":"publish","type":"page","link":"https:\/\/lajoie.hu\/law\/lakohaz-epitesere-alkalmas-telektulajdon-utani-illetekkedvezmeny\/","title":{"rendered":"Lak\u00f3h\u00e1z \u00e9p\u00edt\u00e9s\u00e9re alkalmas telektulajdon ut\u00e1ni illet\u00e9kkedvezm\u00e9ny"},"content":{"rendered":"\t\t<div data-elementor-type=\"wp-page\" data-elementor-id=\"586\" class=\"elementor elementor-586\">\n\t\t\t\t\t\t\t\t\t<section class=\"elementor-section elementor-top-section elementor-element elementor-element-c295699 elementor-section-full_width elementor-section-stretched elementor-section-height-default elementor-section-height-default\" data-id=\"c295699\" data-element_type=\"section\" data-settings=\"{&quot;background_background&quot;:&quot;classic&quot;,&quot;stretch_section&quot;:&quot;section-stretched&quot;}\">\n\t\t\t\t\t\t<div class=\"elementor-container elementor-column-gap-default\">\n\t\t\t\t\t<div class=\"elementor-column elementor-col-100 elementor-top-column elementor-element elementor-element-fa6fb57\" data-id=\"fa6fb57\" data-element_type=\"column\">\n\t\t\t<div class=\"elementor-widget-wrap elementor-element-populated\">\n\t\t\t\t\t\t\t\t<section class=\"elementor-section elementor-inner-section elementor-element elementor-element-6c61eea animated-slow elementor-section-full_width elementor-section-height-default elementor-section-height-default\" data-id=\"6c61eea\" data-element_type=\"section\" data-settings=\"{&quot;animation&quot;:&quot;none&quot;}\">\n\t\t\t\t\t\t<div class=\"elementor-container elementor-column-gap-default\">\n\t\t\t\t\t<div class=\"elementor-column elementor-col-100 elementor-inner-column elementor-element elementor-element-fa6a16d\" data-id=\"fa6a16d\" data-element_type=\"column\" data-settings=\"{&quot;background_background&quot;:&quot;classic&quot;}\">\n\t\t\t<div class=\"elementor-widget-wrap elementor-element-populated\">\n\t\t\t\t\t\t\t\t<div class=\"elementor-element elementor-element-00fe8b2 elementor-widget elementor-widget-ekit-nav-menu\" data-id=\"00fe8b2\" data-element_type=\"widget\" data-widget_type=\"ekit-nav-menu.default\">\n\t\t\t\t<div class=\"elementor-widget-container\">\n\t\t\t<div class=\"ekit-wid-con ekit_menu_responsive_tablet\" data-hamburger-icon=\"\" data-hamburger-icon-type=\"icon\" data-responsive-breakpoint=\"1024\">            <button class=\"elementskit-menu-hamburger elementskit-menu-toggler\">\n                                    <span class=\"elementskit-menu-hamburger-icon\"><\/span><span class=\"elementskit-menu-hamburger-icon\"><\/span><span class=\"elementskit-menu-hamburger-icon\"><\/span>\n                            <\/button>\n            <div id=\"ekit-megamenu-cikkek\" class=\"elementskit-menu-container elementskit-menu-offcanvas-elements elementskit-navbar-nav-default elementskit_line_arrow ekit-nav-menu-one-page-no ekit-nav-dropdown-hover\"><ul id=\"menu-cikkek\" class=\"elementskit-navbar-nav elementskit-menu-po-center submenu-click-on-icon\"><li id=\"menu-item-555\" class=\"menu-item menu-item-type-post_type menu-item-object-page menu-item-555 nav-item elementskit-mobile-builder-content\" data-vertical-menu=750px><a href=\"https:\/\/lajoie.hu\/law\/mit-lehet-tenni-ha-a-nav-vizsgalodik\/\" class=\"ekit-menu-nav-link\">Mit lehet tenni, ha a NAV vizsg\u00e1l\u00f3dik<\/a><\/li>\n<li id=\"menu-item-554\" class=\"menu-item menu-item-type-post_type menu-item-object-page menu-item-554 nav-item elementskit-mobile-builder-content\" data-vertical-menu=750px><a href=\"https:\/\/lajoie.hu\/law\/mi-tortenik-ha-szabalysertesi-eljaras-reszese-lesz\/\" class=\"ekit-menu-nav-link\">Mi t\u00f6rt\u00e9nik, ha szab\u00e1lys\u00e9rt\u00e9si elj\u00e1r\u00e1s r\u00e9szese lesz<\/a><\/li>\n<li id=\"menu-item-553\" class=\"menu-item menu-item-type-post_type menu-item-object-page menu-item-553 nav-item elementskit-mobile-builder-content\" data-vertical-menu=750px><a href=\"https:\/\/lajoie.hu\/law\/az-uj-epitesu-ingatlanokkal-kapcsolatban-felmerulo-kivitelezesi-hibak-jogkovetkezmenyeirol\/\" class=\"ekit-menu-nav-link\">\u00daj \u00e9p\u00edt\u00e9s\u0171 ingatlanok kivitelez\u00e9si hib\u00e1inak jogk\u00f6vetkezm\u00e9nyeir\u0151l<\/a><\/li>\n<\/ul>\n\t\t\t\t<div class=\"elementskit-nav-identity-panel\">\n\t\t\t\t\t<div class=\"elementskit-site-title\">\n\t\t\t\t\t\t<a class=\"elementskit-nav-logo\" href=\"https:\/\/lajoie.hu\/law\" target=\"_self\" rel=\"\">\n                            <img decoding=\"async\" src=\"\" title=\"\" alt=\"\" \/>\n\t\t\t\t\t\t<\/a> \n\t\t\t\t\t<\/div>\n\t\t\t\t\t<button class=\"elementskit-menu-close elementskit-menu-toggler\" type=\"button\">X<\/button>\n\t\t\t\t<\/div>\n\t\t\t<\/div><div class=\"elementskit-menu-overlay elementskit-menu-offcanvas-elements elementskit-menu-toggler ekit-nav-menu--overlay\"><\/div><\/div>\t\t<\/div>\n\t\t\t\t<\/div>\n\t\t\t\t\t<\/div>\n\t\t<\/div>\n\t\t\t\t\t\t\t<\/div>\n\t\t<\/section>\n\t\t\t\t<section class=\"elementor-section elementor-inner-section elementor-element elementor-element-c6c9a07 animated-slow elementor-section-full_width elementor-section-height-default elementor-section-height-default\" data-id=\"c6c9a07\" data-element_type=\"section\" data-settings=\"{&quot;animation&quot;:&quot;none&quot;}\">\n\t\t\t\t\t\t<div class=\"elementor-container elementor-column-gap-default\">\n\t\t\t\t\t<div class=\"elementor-column elementor-col-100 elementor-inner-column elementor-element elementor-element-468b5b0\" data-id=\"468b5b0\" data-element_type=\"column\" data-settings=\"{&quot;background_background&quot;:&quot;classic&quot;}\">\n\t\t\t<div class=\"elementor-widget-wrap elementor-element-populated\">\n\t\t\t\t\t\t\t\t<div class=\"elementor-element elementor-element-6f8591d elementor-widget elementor-widget-ekit-nav-menu\" data-id=\"6f8591d\" data-element_type=\"widget\" data-widget_type=\"ekit-nav-menu.default\">\n\t\t\t\t<div class=\"elementor-widget-container\">\n\t\t\t<div class=\"ekit-wid-con ekit_menu_responsive_tablet\" data-hamburger-icon=\"\" data-hamburger-icon-type=\"icon\" data-responsive-breakpoint=\"1024\">            <button class=\"elementskit-menu-hamburger elementskit-menu-toggler\">\n                                    <span class=\"elementskit-menu-hamburger-icon\"><\/span><span class=\"elementskit-menu-hamburger-icon\"><\/span><span class=\"elementskit-menu-hamburger-icon\"><\/span>\n                            <\/button>\n            <div id=\"ekit-megamenu-cikkek-2\" class=\"elementskit-menu-container elementskit-menu-offcanvas-elements elementskit-navbar-nav-default elementskit_line_arrow ekit-nav-menu-one-page-no ekit-nav-dropdown-hover\"><ul id=\"menu-cikkek-2\" class=\"elementskit-navbar-nav elementskit-menu-po-center submenu-click-on-icon\"><li id=\"menu-item-591\" class=\"menu-item menu-item-type-post_type menu-item-object-page menu-item-591 nav-item elementskit-mobile-builder-content\" data-vertical-menu=750px><a href=\"https:\/\/lajoie.hu\/law\/lakohaz-epitesere-alkalmas-telektulajdon-utani-illetekkedvezmeny\/\" class=\"ekit-menu-nav-link\">Lak\u00f3h\u00e1z \u00e9p\u00edt\u00e9s\u00e9re alkalmas telektulajdon ut\u00e1ni illet\u00e9kkedvezm\u00e9ny<\/a><\/li>\n<li id=\"menu-item-634\" class=\"menu-item menu-item-type-post_type menu-item-object-page menu-item-634 nav-item elementskit-mobile-builder-content\" data-vertical-menu=750px><a href=\"https:\/\/lajoie.hu\/law\/ha-fizet-a-biztosito-de-keveset\/\" class=\"ekit-menu-nav-link\">Ha fizet a biztos\u00edt\u00f3, de keveset<\/a><\/li>\n<\/ul>\n\t\t\t\t<div class=\"elementskit-nav-identity-panel\">\n\t\t\t\t\t<div class=\"elementskit-site-title\">\n\t\t\t\t\t\t<a class=\"elementskit-nav-logo\" href=\"https:\/\/lajoie.hu\/law\" target=\"_self\" rel=\"\">\n                            <img decoding=\"async\" src=\"\" title=\"\" alt=\"\" \/>\n\t\t\t\t\t\t<\/a> \n\t\t\t\t\t<\/div>\n\t\t\t\t\t<button class=\"elementskit-menu-close elementskit-menu-toggler\" type=\"button\">X<\/button>\n\t\t\t\t<\/div>\n\t\t\t<\/div><div class=\"elementskit-menu-overlay elementskit-menu-offcanvas-elements elementskit-menu-toggler ekit-nav-menu--overlay\"><\/div><\/div>\t\t<\/div>\n\t\t\t\t<\/div>\n\t\t\t\t\t<\/div>\n\t\t<\/div>\n\t\t\t\t\t\t\t<\/div>\n\t\t<\/section>\n\t\t\t\t\t<\/div>\n\t\t<\/div>\n\t\t\t\t\t\t\t<\/div>\n\t\t<\/section>\n\t\t\t\t<section class=\"elementor-section elementor-top-section elementor-element elementor-element-0c29ee4 elementor-section-boxed elementor-section-height-default elementor-section-height-default\" data-id=\"0c29ee4\" data-element_type=\"section\">\n\t\t\t\t\t\t<div class=\"elementor-container elementor-column-gap-default\">\n\t\t\t\t\t<div class=\"elementor-column elementor-col-100 elementor-top-column elementor-element elementor-element-aa0a938\" data-id=\"aa0a938\" data-element_type=\"column\">\n\t\t\t<div class=\"elementor-widget-wrap elementor-element-populated\">\n\t\t\t\t\t\t\t\t<div class=\"elementor-element elementor-element-9f56007 elementor-widget elementor-widget-heading\" data-id=\"9f56007\" data-element_type=\"widget\" data-widget_type=\"heading.default\">\n\t\t\t\t<div class=\"elementor-widget-container\">\n\t\t\t<style>\/*! elementor - v3.6.2 - 04-04-2022 *\/\n.elementor-heading-title{padding:0;margin:0;line-height:1}.elementor-widget-heading .elementor-heading-title[class*=elementor-size-]>a{color:inherit;font-size:inherit;line-height:inherit}.elementor-widget-heading .elementor-heading-title.elementor-size-small{font-size:15px}.elementor-widget-heading .elementor-heading-title.elementor-size-medium{font-size:19px}.elementor-widget-heading .elementor-heading-title.elementor-size-large{font-size:29px}.elementor-widget-heading .elementor-heading-title.elementor-size-xl{font-size:39px}.elementor-widget-heading .elementor-heading-title.elementor-size-xxl{font-size:59px}<\/style><h2 class=\"elementor-heading-title elementor-size-default\">A lak\u00f3h\u00e1z \u00e9p\u00edt\u00e9s\u00e9re alkalmas telektulajdon ut\u00e1ni illet\u00e9kkedvezm\u00e9ny<\/h2>\t\t<\/div>\n\t\t\t\t<\/div>\n\t\t\t\t<div class=\"elementor-element elementor-element-16d7d04 elementor-widget-divider--view-line_text elementor-widget-divider--element-align-center elementor-widget elementor-widget-divider\" data-id=\"16d7d04\" data-element_type=\"widget\" data-widget_type=\"divider.default\">\n\t\t\t\t<div class=\"elementor-widget-container\">\n\t\t\t<style>\/*! elementor - v3.6.2 - 04-04-2022 *\/\n.elementor-widget-divider{--divider-border-style:none;--divider-border-width:1px;--divider-color:#2c2c2c;--divider-icon-size:20px;--divider-element-spacing:10px;--divider-pattern-height:24px;--divider-pattern-size:20px;--divider-pattern-url:none;--divider-pattern-repeat:repeat-x}.elementor-widget-divider .elementor-divider{display:-webkit-box;display:-ms-flexbox;display:flex}.elementor-widget-divider .elementor-divider__text{font-size:15px;line-height:1;max-width:95%}.elementor-widget-divider .elementor-divider__element{margin:0 var(--divider-element-spacing);-ms-flex-negative:0;flex-shrink:0}.elementor-widget-divider .elementor-icon{font-size:var(--divider-icon-size)}.elementor-widget-divider .elementor-divider-separator{display:-webkit-box;display:-ms-flexbox;display:flex;margin:0;direction:ltr}.elementor-widget-divider--view-line_icon .elementor-divider-separator,.elementor-widget-divider--view-line_text .elementor-divider-separator{-webkit-box-align:center;-ms-flex-align:center;align-items:center}.elementor-widget-divider--view-line_icon .elementor-divider-separator:after,.elementor-widget-divider--view-line_icon .elementor-divider-separator:before,.elementor-widget-divider--view-line_text .elementor-divider-separator:after,.elementor-widget-divider--view-line_text .elementor-divider-separator:before{display:block;content:\"\";border-bottom:0;-webkit-box-flex:1;-ms-flex-positive:1;flex-grow:1;border-top:var(--divider-border-width) var(--divider-border-style) var(--divider-color)}.elementor-widget-divider--element-align-left .elementor-divider .elementor-divider-separator>.elementor-divider__svg:first-of-type{-webkit-box-flex:0;-ms-flex-positive:0;flex-grow:0;-ms-flex-negative:100;flex-shrink:100}.elementor-widget-divider--element-align-left .elementor-divider-separator:before{content:none}.elementor-widget-divider--element-align-left .elementor-divider__element{margin-left:0}.elementor-widget-divider--element-align-right .elementor-divider .elementor-divider-separator>.elementor-divider__svg:last-of-type{-webkit-box-flex:0;-ms-flex-positive:0;flex-grow:0;-ms-flex-negative:100;flex-shrink:100}.elementor-widget-divider--element-align-right .elementor-divider-separator:after{content:none}.elementor-widget-divider--element-align-right .elementor-divider__element{margin-right:0}.elementor-widget-divider:not(.elementor-widget-divider--view-line_text):not(.elementor-widget-divider--view-line_icon) .elementor-divider-separator{border-top:var(--divider-border-width) var(--divider-border-style) var(--divider-color)}.elementor-widget-divider--separator-type-pattern{--divider-border-style:none}.elementor-widget-divider--separator-type-pattern.elementor-widget-divider--view-line .elementor-divider-separator,.elementor-widget-divider--separator-type-pattern:not(.elementor-widget-divider--view-line) .elementor-divider-separator:after,.elementor-widget-divider--separator-type-pattern:not(.elementor-widget-divider--view-line) .elementor-divider-separator:before,.elementor-widget-divider--separator-type-pattern:not([class*=elementor-widget-divider--view]) .elementor-divider-separator{width:100%;min-height:var(--divider-pattern-height);-webkit-mask-size:var(--divider-pattern-size) 100%;mask-size:var(--divider-pattern-size) 100%;-webkit-mask-repeat:var(--divider-pattern-repeat);mask-repeat:var(--divider-pattern-repeat);background-color:var(--divider-color);-webkit-mask-image:var(--divider-pattern-url);mask-image:var(--divider-pattern-url)}.elementor-widget-divider--no-spacing{--divider-pattern-size:auto}.elementor-widget-divider--bg-round{--divider-pattern-repeat:round}.rtl .elementor-widget-divider .elementor-divider__text{direction:rtl}<\/style>\t\t<div class=\"elementor-divider\">\n\t\t\t<span class=\"elementor-divider-separator\">\n\t\t\t\t\t\t\t<span class=\"elementor-divider__text elementor-divider__element\">\n\t\t\t\tJogorvoslatok, ad\u00f3m\u00e9rs\u00e9kl\u00e9s, jogok \u00e9s k\u00f6telezetts\u00e9gek\t\t\t\t<\/span>\n\t\t\t\t\t\t<\/span>\n\t\t<\/div>\n\t\t\t\t<\/div>\n\t\t\t\t<\/div>\n\t\t\t\t\t<\/div>\n\t\t<\/div>\n\t\t\t\t\t\t\t<\/div>\n\t\t<\/section>\n\t\t\t\t<section class=\"elementor-section elementor-top-section elementor-element elementor-element-d5334e2 elementor-section-boxed elementor-section-height-default elementor-section-height-default\" data-id=\"d5334e2\" data-element_type=\"section\" data-settings=\"{&quot;background_background&quot;:&quot;classic&quot;}\">\n\t\t\t\t\t\t<div class=\"elementor-container elementor-column-gap-default\">\n\t\t\t\t\t<div class=\"elementor-column elementor-col-100 elementor-top-column elementor-element elementor-element-e5e5bce\" data-id=\"e5e5bce\" data-element_type=\"column\">\n\t\t\t<div class=\"elementor-widget-wrap elementor-element-populated\">\n\t\t\t\t\t\t\t\t<div class=\"elementor-element elementor-element-aed5cd3 elementor-widget elementor-widget-text-editor\" data-id=\"aed5cd3\" data-element_type=\"widget\" data-widget_type=\"text-editor.default\">\n\t\t\t\t<div class=\"elementor-widget-container\">\n\t\t\t<style>\/*! elementor - v3.6.2 - 04-04-2022 *\/\n.elementor-widget-text-editor.elementor-drop-cap-view-stacked .elementor-drop-cap{background-color:#818a91;color:#fff}.elementor-widget-text-editor.elementor-drop-cap-view-framed .elementor-drop-cap{color:#818a91;border:3px solid;background-color:transparent}.elementor-widget-text-editor:not(.elementor-drop-cap-view-default) .elementor-drop-cap{margin-top:8px}.elementor-widget-text-editor:not(.elementor-drop-cap-view-default) .elementor-drop-cap-letter{width:1em;height:1em}.elementor-widget-text-editor .elementor-drop-cap{float:left;text-align:center;line-height:1;font-size:50px}.elementor-widget-text-editor .elementor-drop-cap-letter{display:inline-block}<\/style>\t\t\t\t<p>A legfontosabb illet\u00e9kkedvezm\u00e9nyek tekintet\u00e9ben \u00e9p\u00edtkez\u00e9s c\u00e9lj\u00e1b\u00f3l t\u00f6rt\u00e9n\u00f5 telekv\u00e1s\u00e1rl\u00e1s eset\u00e9t is \u00e9rdemes megvizsg\u00e1lni. Az \u00e9p\u00edtkez\u00e9s mentes az illet\u00e9k al\u00f3l, azonban az ahhoz sz\u00fcks\u00e9ges telek megv\u00e1s\u00e1rl\u00e1sa ut\u00e1n 10 %-os vagyonszerz\u00e9si illet\u00e9k fizetend\u00f5. Ugyanakkor a t\u00f6rv\u00e9ny illet\u00e9kmentess\u00e9get biztos\u00edt a lak\u00f3h\u00e1z \u00e9p\u00edt\u00e9s\u00e9re alkalmas telektulajdon v\u00e1s\u00e1rl\u00e1sa eset\u00e9re, ha az ad\u00e1sv\u00e9teli szerz\u00f5d\u00e9s f\u00f6ldhivatalba t\u00f6rt\u00e9n\u00f5 beny\u00fajt\u00e1s\u00e1t\u00f3l sz\u00e1m\u00edtott 4 \u00e9ven bel\u00fcl a telekre lak\u00f3h\u00e1zat \u00e9p\u00edt\u00fcnk. Ennek a mentess\u00e9gnek a t\u00f6rv\u00e9nyi felt\u00e9telei igen szigor\u00faak, a legkisebb hiba is el\u00e9g ahhoz, hogy illet\u00e9ket kelljen fizetn\u00fcnk.<\/p><p>A kedvezm\u00e9nyt csak az \u00e9p\u00edt\u00e9s\u00fcgyi szab\u00e1lyoknak \u00e9s a telep\u00fcl\u00e9srendez\u00e9si tervnek megfelel\u00f5en kialak\u00edtott, lak\u00f3\u00e9p\u00fclet elhelyez\u00e9s\u00e9re szolg\u00e1l\u00f3, be\u00e9p\u00edtetlen f\u00f6ldr\u00e9szlet megszerz\u00e9se eset\u00e9n lehet ig\u00e9nybe venni. A be\u00e9p\u00edtetlens\u00e9g azt jelenti, hogy a lak\u00f3telek \u00fcresen \u00e1ll, azon \u00e9p\u00edtm\u00e9ny egy\u00e1ltal\u00e1n nem lehet. Ha a telken b\u00e1rmilyen \u00e9p\u00edtm\u00e9ny tal\u00e1lhat\u00f3 (ak\u00e1r egy lebontand\u00f3 \u00e9p\u00fclet, vagy egy gazdas\u00e1gi \u00e9p\u00fclet), akkor c\u00e9lszer\u00fb el\u00f5bb egy el\u00f5szerz\u00f5d\u00e9st k\u00f6tni, majd az \u00e9p\u00edtm\u00e9nyt elbontani, a bont\u00e1s t\u00e9ny\u00e9t az ingatlan-nyilv\u00e1ntart\u00e1sba bejegyeztetni, \u00e9s csak ez ut\u00e1n lehet az ad\u00e1sv\u00e9teli szerz\u00f5d\u00e9st megk\u00f6tni. Ha az ingatlan teljesen \u00fcres, akkor \u00e9rdemes ellen\u00f5rizni a f\u00f6ldhivataln\u00e1l, hogy a tulajdoni lapon szerepl\u00f5 megnevez\u00e9s megegyezik-e a val\u00f3s \u00e1llapottal.<\/p><p>Ha a fentieknek eleget tudtunk tenni, akkor az illet\u00e9kmentess\u00e9g szempontj\u00e1b\u00f3l tov\u00e1bbi k\u00f6vetelm\u00e9ny m\u00e9g, hogy az \u00e9p\u00edt\u00e9si sz\u00e1nd\u00e9kunkat, azaz az illet\u00e9kmentess\u00e9g ir\u00e1nti ig\u00e9ny\u00fcnket be is jelents\u00fck az illet\u00e9khivatalnak ( 2007-t\u00f5l APEH region\u00e1lis illet\u00e9kkiszab\u00e1si oszt\u00e1lyai), m\u00e9ghozz\u00e1 az illet\u00e9kkiszab\u00e1sr\u00f3l sz\u00f3l\u00f3 fizet\u00e9si meghagy\u00e1s k\u00e9zhezv\u00e9tel\u00e9t\u00f5l sz\u00e1m\u00edtott 15 napon bel\u00fcl. Ha ezt elmulasztjuk megtenni, akkor a mentess\u00e9get ut\u00f3bb m\u00e1r nem vehetj\u00fck ig\u00e9nybe. Hat\u00e1rid\u00f5n bel\u00fcli bejelent\u00e9s eset\u00e9n az illet\u00e9khivatal a kiszabott illet\u00e9ket felf\u00fcggeszti, \u00e9s ha a lak\u00f3h\u00e1z fel\u00e9p\u00edt\u00e9s\u00e9t a haszn\u00e1latbav\u00e9teli enged\u00e9llyel a 4 \u00e9ves hat\u00e1rid\u00f5 eltelt\u00e9t k\u00f6vet\u00f5 15 napon bel\u00fcl igazolni tudjuk, akkor a felf\u00fcggesztett illet\u00e9k v\u00e9glegesen t\u00f6rl\u00e9sre ker\u00fcl. Ellenkez\u00f5 esetben a meg nem fizetett illet\u00e9ket k\u00e9sedelmi p\u00f3tl\u00e9kkal megn\u00f6velt \u00f6sszegben kell megfizetn\u00fcnk.<\/p><p>Amennyiben hasonl\u00f3 \u00fcgyben \u00e9rintett, vagy b\u00e1rmilyen k\u00e9rd\u00e9se mer\u00fcl fel fentiek kapcs\u00e1n, forduljon hozz\u00e1nk el\u00e9rhetos\u00e9geinken.<\/p>\t\t\t\t\t\t<\/div>\n\t\t\t\t<\/div>\n\t\t\t\t\t<\/div>\n\t\t<\/div>\n\t\t\t\t\t\t\t<\/div>\n\t\t<\/section>\n\t\t\t\t\t\t\t<\/div>\n\t\t","protected":false},"excerpt":{"rendered":"<p>Mit lehet tenni, ha a NAV vizsg\u00e1l\u00f3dik Mi t\u00f6rt\u00e9nik, ha szab\u00e1lys\u00e9rt\u00e9si elj\u00e1r\u00e1s r\u00e9szese lesz?? \u00daj \u00e9p\u00edt\u00e9s\u0171 ingatlanok kivitelez\u00e9si hib\u00e1inak jogk\u00f6vetkezm\u00e9nyeir\u0151l X Lak\u00f3h\u00e1z \u00e9p\u00edt\u00e9s\u00e9re alkalmas telektulajdon ut\u00e1ni illet\u00e9kkedvezm\u00e9ny \u00cdIngatlanforgalmaz\u00f3kat megillet\u0151 2 %-os illet\u00e9kkedvezm\u00e9nyr\u0151l Ha fizet a biztos\u00edt\u00f3, de keveset X A lak\u00f3h\u00e1z \u00e9p\u00edt\u00e9s\u00e9re alkalmas telektulajdon ut\u00e1ni illet\u00e9kkedvezm\u00e9ny Jogorvoslatok, ad\u00f3m\u00e9rs\u00e9kl\u00e9s, jogok \u00e9s k\u00f6telezetts\u00e9gek A legfontosabb illet\u00e9kkedvezm\u00e9nyek tekintet\u00e9ben [&hellip;]<\/p>\n","protected":false},"author":1,"featured_media":0,"parent":0,"menu_order":0,"comment_status":"closed","ping_status":"closed","template":"elementor_header_footer","meta":{"footnotes":""},"class_list":["post-586","page","type-page","status-publish","hentry","wpbf-post"],"_links":{"self":[{"href":"https:\/\/lajoie.hu\/law\/wp-json\/wp\/v2\/pages\/586","targetHints":{"allow":["GET"]}}],"collection":[{"href":"https:\/\/lajoie.hu\/law\/wp-json\/wp\/v2\/pages"}],"about":[{"href":"https:\/\/lajoie.hu\/law\/wp-json\/wp\/v2\/types\/page"}],"author":[{"embeddable":true,"href":"https:\/\/lajoie.hu\/law\/wp-json\/wp\/v2\/users\/1"}],"replies":[{"embeddable":true,"href":"https:\/\/lajoie.hu\/law\/wp-json\/wp\/v2\/comments?post=586"}],"version-history":[{"count":21,"href":"https:\/\/lajoie.hu\/law\/wp-json\/wp\/v2\/pages\/586\/revisions"}],"predecessor-version":[{"id":655,"href":"https:\/\/lajoie.hu\/law\/wp-json\/wp\/v2\/pages\/586\/revisions\/655"}],"wp:attachment":[{"href":"https:\/\/lajoie.hu\/law\/wp-json\/wp\/v2\/media?parent=586"}],"curies":[{"name":"wp","href":"https:\/\/api.w.org\/{rel}","templated":true}]}}